 110539?
0
What is the units digit of 5307?
7
What is the thousands digit of 2909?
2
What is the tens digit of 398?
9
What is the ten thousands digit of 12542?
1
What is the tens digit of 25790?
9
What is the tens digit of 786?
8
What is the thousands digit of 3645?
3
What is the units digit of 56812?
2
What is the thousands digit of 162153?
2
What is the hundreds digit of 1257?
2
What is the units digit of 18300?
0
What is the units digit of 134?
4
What is the tens digit of 884?
8
What is the thousands digit of 10946?
0
What is the tens digit of 8649?
4
What is the hundreds digit of 1174?
1
What is the tens digit of 75067?
6
What is the hundreds digit of 4480?
4
What is the tens digit of 51550?
5
What is the hundreds digit of 4722?
7
What is the thousands digit of 9537?
9
What is the tens digit of 15968?
6
What is the hundreds digit of 5764?
7
What is the tens digit of 11819?
1
What is the thousands digit of 12525?
2
What is the thousands digit of 1747?
1
What is the units digit of 31?
1
What is the thousands digit of 1346?
1
What is the hundreds digit of 2040?
0
What is the hundreds digit of 100306?
3
What is the tens digit of 114071?
7
What is the units digit of 4241?
1
What is the tens digit of 706?
0
What is the units digit of 7173?
3
What is the tens digit of 9471?
7
What is the hundreds digit of 6537?
5
What is the units digit of 11331?
1
What is the tens digit of 548?
4
What is the hundreds digit of 445?
4
What is the ten thousands digit of 39575?
3
What is the ten thousands digit of 32750?
3
What is the units digit of 905?
5
What is the thousands digit of 157027?
7
What is the tens digit of 543?
4
What is the thousands digit of 43924?
3
What is the units digit of 4062?
2
What is the thousands digit of 1700?
1
What is the hundreds digit of 1306?
3
What is the tens digit of 1755?
5
What is the ten thousands digit of 75273?
7
What is the thousands digit of 6858?
6
What is the tens digit of 3283?
8
What is the tens digit of 19204?
0
What is the tens digit of 2045?
4
What is the thousands digit of 3581?
3
What is the units digit of 451?
1
What is the thousands digit of 10870?
0
What is the ten thousands digit of 16515?
1
What is the thousands digit of 3872?
3
What is the tens digit of 1149?
4
What is the tens digit of 3234?
3
What is the thousands digit of 139206?
9
What is the units digit of 5470?
0
What is the units digit of 5069?
9
What is the tens digit of 36333?
3
What is the units digit of 2165?
5
What is the tens digit of 2543?
4
What is the tens digit of 738?
3
What is the units digit of 471?
1
What is the ten thousands digit of 87707?
8
What is the ten thousands digit of 17972?
1
What is the units digit of 22775?
5
What is the units digit of 7842?
2
What is the units digit of 1079?
9
What is the thousands digit of 68712?
8
What is the units digit of 2444?
4
What is the units digit of 150569?
9
What is the thousands digit of 45862?
5
What is the units digit of 413?
3
What is the thousands digit of 8283?
8
What is the units digit of 17405?
5
What is the thousands digit of 3333?
3
What is the tens digit of 460?
6
What is the tens digit of 476?
7
What is the ten thousands digit of 45917?
4
What is the units digit of 5021?
1
What is the thousands digit of 3552?
3
What is the tens digit of 901?
0
What is the ten thousands digit of 138478?
3
What is the thousands digit of 12107?
2
What is the hundreds digit of 1160?
1
What is the hundreds digit of 131859?
8
What is the units digit of 520?
0
What is the thousands digit of 12116?
2
What is the tens digit of 800?
0
What is the units digit of 26245?
5
What is the ten thousands digit of 20092?
2
What is the hundreds digit of 16176?
1
What is the thousands digit of 31872?
1
What is the thousands digit of 2742?
2
What is the tens digit of 22493?
9
What is the units digit of 49072?
2
What is the units digit of 1247?
7
What is the ten thousands digit of 110359?
1
What is the thousands digit of 27376?
7
What is the tens digit of 21262?
6
What is the thousands digit of 21522?
1
What is the tens digit of 678?
7
What is the hundreds digit of 694?
6
What is the thousands digit of 4405?
4
What is the thousands digit of 64384?
4
What is the thousands digit of 1083?
1
What is the thousands digit of 27102?
7
What is the units digit of 1024?
4
What is the units digit of 6882?
2
What is the units digit of 92279?
9
What is the tens digit of 50694?
9
What is the tens digit of 2219?
1
What is the thousands digit of 4021?
4
What is the units digit of 4166?
6
What is the units digit of 56392?
2
What is the hundreds digit of 105599?
5
What is the ten thousands digit of 40164?
4
What is the thousands digit of 1053?
1
What is the units digit of 656?
6
What is the tens digit of 971?
7
What is the thousands digit of 4451?
4
What is the units digit of 794?
4
What is the tens digit of 23820?
2
What is the hundreds digit of 5705?
7
What is the units digit of 17127?
7
What is the units digit of 23663?
3
What is the thousands digit of 62926?
2
What is the tens digit of 2551?
5
What is the units digit of 703?
3
What is the units digit of 177?
7
What is the thousands digit of 22060?
2
What is the hundreds digit of 64633?
6
What is the tens digit of 8566?
6
What is the hundreds digit of 13963?
9
What is the hundreds digit of 4846?
8
What is the hundreds digit of 19909?
9
What is the tens digit of 26316?
1
What is the hundreds digit of 1490?
4
What is the hundreds digit of 8400?
4
What is the thousands digit of 8945?
8
What is the hundreds digit of 20733?
7
What is the units digit of 16600?
0
What is the hundreds digit of 662?
6
What is the hundreds digit of 38953?
9
What is the tens digit of 55372?
7
What is the hundreds digit of 527?
5
What is the units digit of 8960?
0
What is the tens digit of 3331?
3
What is the tens digit of 345?
4
What is the ten thousands digit of 23765?
2
What is the units digit of 5?
5
What is the tens digit of 18152?
5
What is the hundreds digit of 3236?
2
What is the ten thousands digit of 26538?
2
What is the tens digit of 36154?
5
What is the hundreds digit of 402?
4
What is the hundreds digit of 507?
5
What is the hundreds digit of 105053?
0
What is the hundreds digit of 150194?
1
What is the units digit of 1369?
9
What is the hundreds digit of 35421?
4
What is the units digit of 38426?
6
What is the hundreds digit of 363?
3
What is the thousands digit of 28621?
8
What is the units digit of 20346?
6
What is the units digit of 2634?
4
What is the hundreds digit of 1733?
7
What is the thousands digit of 2802?
2
What is the tens digit of 6450?
5
What is the units digit of 98?
8
What is the units digit of 28065?
5
What is the thousands digit of 1281?
1
What is the units digit of 2237?
7
What is the thousands digit of 36223?
6
What is the units digit of 8887?
7
What is the ten thousands digit of 13497?
1
What is the hundreds digit of 1803?
8
What is the thousands digit of 1369?
1
What is the hundreds digit of 66030?
0
What is the thousands digit of 1712?
1
What is the units digit of 11145?
5
What is the thousands digit of 20618?
0
What is the units digit of 3171?
1
What is the tens digit of 444?
4
What is the hundreds digit of 727?
7
What is the thousands digit of 1802?
1
What is the units digit of 20178?
8
What is the tens digit of 7196?
9
What is the hundreds digit of 54817?
8
What is the tens digit of 7876?
7
What is the units digit of 17964?
4
What is the thousands digit of 1604?
1
What is the hundreds digit of 3305?
3
What is the tens digit of 109395?
9
What is the hundreds digit of 283?
2
What is the ten thousands digit of 12986?
1
What is the ten thousands digit of 132940?
3
What is the tens digit of 14216?
1
What is the tens digit of 32626?
2
What is the ten thousands digit of 24286?
2
What is the tens digit of 22638?
3
What is the units digit of 517?
7
What is the hundreds digit of 319?
3
What is the ten thousands digit of 83590?
8
What is the hundreds digit of 319?
3
What is the units digit of 1267?
7
What is the units digit of 70319?
9
What is the tens digit of 3456?
5
What is the units digit of 2988?
8
What is the thousands digit of 4486?
4
What is the tens digit of 187?
8
What is the hundreds digit of 550?
5
What is the tens digit of 2861?
6
What is the hundreds digit of 16458?
4
W